 - (-3 + -1). Let d(q) = -7*q**2 + 14 - q**k + 9*q**2. What is the units digit of d(0)?
4
Let c = 56 + -45. Suppose 0 = c*g - 5*g - 270. What is the units digit of g?
5
Let g = -3 + 517. What is the units digit of g?
4
Suppose -2 = 3*p + 10. Let b be p/(-6) + (-28)/42. Suppose -42 = -6*j - b. What is the units digit of j?
7
Suppose -5*t + y = -83, 6 = -y + 4*y. Suppose -43*d = -59*d + 192. Suppose -d*g + t*g = 330. What is the units digit of g?
6
What is the units digit of (-19944)/(-9) - (-3 - -5)?
4
Suppose l + 4*d = 10, -l + 0*d = -5*d + 8. Let j(w) = 19*w**3 - 5*w**2 - 2*w + 5. What is the hundreds digit of j(l)?
1
Suppose -3*p = 5*l - 788, 3*l - 3*p - 370 = 122. What is the tens digit of l?
6
Let p be 5/(-15)*3*-29. Suppose s + 8 = 2*s. Let h = p + s. What is the units digit of h?
7
Suppose -37*m = 3189 - 44222. What is the tens digit of m?
0
Let y(i) = -i**2 - 4*i - 4. Let t be y(-4). Let s be 4 + -1 + -4 + 4. Let b = s - t. What is the units digit of b?
7
Let s(r) = -845*r**3 - 2*r**2 + 2*r + 2. What is the hundreds digit of s(-1)?
8
Suppose -5*u = 2*d - 6 + 17, d = 3*u. Let p = 0 - d. Suppose -33 = -p*h - z - 2*z, 2*h - z - 31 = 0. What is the tens digit of h?
1
Let o = 1293 - 1292. What is the units digit of o?
1
Let x = 10 - -102. Let g = x - 44. What is the units digit of g?
8
Let b(q) = -323*q**2 - 1. Let x be b(1). What is the tens digit of ((x/(-30))/3)/(2/10)?
1
Let n be (-195)/(-13)*(-2)/(-6). Suppose -2*w - 85 = -3*t, 4*t + n*w + 12 = 156. What is the tens digit of t?
3
Suppose s + 14 = u + 627, -5*u = -s + 613. What is the tens digit of s?
1
Suppose 4*f - 33 = -3*v - 2*v, 5*f - 3*v + 5 = 0. Suppose -f*w + 96 = 5*t, -5*t = -w - w - 104. What is the units digit of t?
0
Let l(t) = 28*t**3 - 2*t**2 + t - 4. Let z be l(2). Suppose -3*x = v - 164 + 58, -4*x = 2*v - z. Let h = 160 - v. What is the tens digit of h?
5
Suppose 3*k + 5*y = 44, -5*k + 2*y + 28 = -4. What is the units digit of 2*12/k*7?
1
Let x = -2 - -4. Suppose 4*j = 3*k + x*k + 79, -5*j + 2*k + 103 = 0. What is the tens digit of j?
2
Let b = -3920 + 6275. What is the thousands digit of b?
2
Let j(w) = w**3 - 16*w**2 - 17*w + 4. Let s be j(17). Suppose -6*t - 3*m = -10*t + 1200, -s*t - 3*m + 1224 = 0. What is the hundreds digit of t?
3
Let g(l) = -157*l - 324. What is the tens digit of g(-5)?
6
Suppose -4*y - 5*c + 13 = 0, 3*c = -5*y + y + 11. Suppose y*g = 2*l + 100, 5*g = 2*l + 373 - 114. What is the tens digit of g?
5
Let g(p) = -p**3 + 7*p**2 - 3*p - 4. Let l be g(6). Let n(t) = t**3 - 14*t**2 + t - 11. What is the units digit of n(l)?
3
Let m(u) = -u**2 + 9*u - 10. Let s(z) = z**3 + 7. Let v be s(0). Let l be m(v). Suppose 38 = -l*j + 6*j. What is the units digit of j?
9
Let c(q) = 10*q + 7. Let i be c(4). Let s = i - 16. What is the tens digit of s?
3
Suppose 5*r - 6*m = -3*m + 960, -192 = -r - 4*m. Let o be ((-27)/12 - -2)/(42/(-2184)). Suppose o*x - r = 9*x. What is the tens digit of x?
4
Suppose 3*j - 2*m = 1236, -11*m = -10*m. What is the units digit of j?
2
What is the tens digit of -7 - -3 - (-279)/3?
8
What is the tens digit of 3120/7 + ((-18)/7)/(-9)?
4
What is the tens digit of (520/(-100))/(4/(-70))?
9
Suppose 5*c + 45 - 25 = 0. What is the tens digit of (-12)/2*30/c?
4
Let s(u) = u**2 - 2*u + 3. Let x be s(18). Let m(v) = v**3 + 13 + 6*v**2 + x*v - 291*v. What is the units digit of m(-6)?
3
Suppose 4 = 4*s - 8. Let t = 306 - 301. Suppose 52 = s*r + b - 2, -4*b = -t*r + 107. What is the tens digit of r?
1
Let d(s) = s**3 + 3*s**2 - s + 4. Let x be d(3). Let i be 37*-1 - (0 + 0). Let z = x + i. What is the units digit of z?
8
Suppose -2*w + w - 41 = 0. Let b = w - -137. What is the units digit of b?
6
Suppose -4*d = 12, -5*l + 10*d = 5*d - 135. Suppose -2*y + 18 = -l. What is the tens digit of y?
2
Suppose -z = 5*b - 8, -3*b + 24 = -2*z - 12. Let m(o) = -2*o + 11. What is the tens digit of m(z)?
3
Suppose -5*i - 2*z + 437 + 1071 = 0, 5*i = 5*z + 1515. What is the tens digit of i?
0
Let c = 1 - 17. What is the tens digit of 17 + c - 12/(-1)?
1
Suppose -57 + 11 = -4*w + 5*j, -3*j + 30 = 4*w. Let n(v) = -v**3 + 10*v**2 + 14*v + 5. What is the hundreds digit of n(w)?
2
Let o(p) = -2*p**2 - 45*p - 29. Let l be ((-1)/6)/(-1) - (-1331)/(-66). What is the tens digit of o(l)?
7
Suppose -5*z = 0, z - 3 - 7 = -g. Suppose -5*m - 5*t + g = 0, 2*t + t = -5*m + 6. What is the units digit of (-1 + 4 - 0) + m?
3
Let i(y) = 5*y**3 - y**2 + 1. Let m be i(-1). Suppose -x - 3*b = -0*x + 9, 5*b = 2*x - 37. Let j = m + x. What is the units digit of j?
1
Let y = 4 - -65. Suppose 3*x - y = -3*f, 3*x + f - 123 = -44. What is the tens digit of x?
2
Suppose 4*q - 2359 = -47. Suppose -6*m + q = -742. What is the hundreds digit of m?
2
Let q(d) = 825*d - 553. What is the units digit of q(5)?
2
Let i = 20 - 19. Let l be i*(-10)/5*-2. Suppose -152 = -2*b - 2*f, -20 = -2*b + l*f + 108. What is the units digit of b?
2
Suppose 0 = -5*z + w - 12, -2*w + 6 = 2*z - 3*z. What is the tens digit of z/((-188)/(-96) + -2)?
4
Let b be (15/(-9))/(1/6). Let s(v) = 0*v**3 + 20*v**2 + 4 + 7*v + 3*v**3 - 2*v**3 - 9*v**2. What is the tens digit of s(b)?
3
Let b = 1190 - 508. What is the tens digit of b/9 - (0 + 2/(-9))?
7
Suppose -u = -0*u - 4. Let k(p) be the first derivative of p**4/4 - 2*p**3/3 - p**2 + 6*p + 26. What is the units digit of k(u)?
0
Let n = -24 - -16. What is the units digit of (9/6)/((-1)/n)?
2
Suppose 15 = 87*w - 84*w. Suppose w*m - 6*m - 2*y = -34, 132 = 4*m + 4*y. What is the units digit of m?
2
Let w = 31 - 21. Suppose 9*o - 44 = w. What is the units digit of o?
6
Suppose 0 = 6*o - 11*o - 2*q + 10061, -6047 = -3*o + 4*q. What is the units digit of o?
3
Suppose m = 332 + 59. What is the tens digit of m?
9
Let i(h) = 2*h + 1. Let g be i(-5). Let d = -12 - g. What is the units digit of (-3 + (d - -7))*32?
2
Let s(j) = 3*j**2 + 2*j - 5. Let x(p) = -2*p - 31. Let w be x(-18). What is the units digit of s(w)?
0
Let q = -50 - -54. What is the hundreds digit of -2*1 - (-124 - q - 0)?
1
Let g be (-15)/6*-18*10/75. Suppose 0 = c - 236 + g. What is the units digit of c?
0
Let g = 17 + -12. Let z(a) = 2*a + 1. Let c be z(g). Suppose 0 = 9*l - c*l + 18. What is the units digit of l?
9
Suppose -3*k = k + g + 15, 2*g = -4*k - 10. Let r(z) = z**3 + 2*z**2 - 11*z + 7. Let a be r(k). Let o(j) = j**2 + 10*j + 7. What is the units digit of o(a)?
6
Suppose -25 = -5*m - 85. Let p(z) = -17*z - 11. Let w be p(m). Let j = -137 + w. What is the tens digit of j?
5
Let v = 567 + -384. What is the hundreds digit of v?
1
Suppose 5*p + 5 = -4*t - 38, 4*t + 2*p + 46 = 0. Let q = t + 16. What is the units digit of (-5 + q)/((-1)/31)?
1
What is the tens digit of (231/(-12))/(15/(-300))?
8
Let i = -3 - -8. Let k(j) = 3*j**3 - 6*j**2 - 8*j + 6. Let v be k(i). Suppose -212 = -5*p + 4*h, h - v = -5*p - 2*h. What is the units digit of p?
0
Let t = 66 + -31. Let m = 121 - t. What is the tens digit of m?
8
Let f(u) = -u**3 + 6*u**2 - 4*u - 1. Suppose -4*t + 0*x + 48 = 2*x, 2*t + 5*x = 40. Let a be (-22)/(-5) - t/25. What is the tens digit of f(a)?
1
Let g(f) = -f**2 - 10*f + 43. Let z be g(-13). Let k(c) = 3*c - 4. Let q(r) = 1. Let i(p) = 3*k(p) + 15*q(p). What is the units digit of i(z)?
9
Suppose -i = 472 + 169. Let p = 897 + i. What is the tens digit of p?
5
Suppose -7*p = 4*p + 572. Let v = 271 + -178. Let o = v + p. What is the units digit of o?
1
Let j(q) = -2*q**2 + q. Let n = 12 + -11. Let f be j(n). What is the tens digit of (5 + -7)/(f/11)?
2
Let g(h) = 4*h**2 + 11*h - 4. Let p be g(-5). What is the tens digit of (3 + 4 + p)*2?
9
What is the hundreds digit of (18/(-4))/3 - (-132024)/48?
7
Let k = -2364 + 6145. What is the hundreds digit of k?
7
Let n(q) be the second derivative of q**4/12 + 8*q**3/3 - q**2/2 - 30*q. What is the tens digit of n(-20)?
7
Let g = 29 - 29. What is the units digit of 7 - g/(3/1)?
7
What is the units digit of 2/(-6) + (11060/12)/5?
4
Let u = -7766 + 12157. What is the units digit of u?
1
Suppose -a + 4*y + 9 = 0, -5*y - 20 = -a - 8. What is the units digit of 6/27*-3 + (-233)/a?
7
Suppose -5*p - 151 = -581. Let r = p - 29. Suppose n = -17 + r. What is the units digit of n?
0
Suppose -10*j + 1013 = -27. Let k = 219 - j. What is the tens digit of k?
1
Let m = -7 - -11. Let y be (4/